ue
Is 42 a factor of 191345?
False
Is 239564 a multiple of 26?
True
Does 433 divide 1916081?
False
Is 47 a factor of 2494787?
False
Is 15482 a multiple of 359?
False
Does 111 divide 3673498?
False
Is 6 a factor of 125086?
False
Is 13 a factor of 1904898?
False
Is 69 a factor of 67827?
True
Does 17 divide 52122?
True
Is 131456 a multiple of 32?
True
Is 1570388 a multiple of 489?
False
Is 3703876 a multiple of 18?
False
Does 360 divide 380768?
False
Is 613 a factor of 5388883?
True
Is 7953994 a multiple of 464?
False
Does 19 divide 40599?
False
Is 693396 a multiple of 204?
True
Does 22 divide 4738214?
False
Does 60 divide 4217?
False
Is 52 a factor of 2048885?
False
Does 27 divide 10106?
False
Is 243488 a multiple of 28?
True
Is 25 a factor of 184701?
False
Is 12 a factor of 11646851?
False
Is 393796 a multiple of 7?
False
Does 3 divide 8985?
True
Does 38 divide 238677?
False
Is 537600 a multiple of 175?
True
Does 10 divide 1101380?
True
Does 30 divide 1814910?
True
Does 10 divide 80040?
True
Does 303 divide 340253?
False
Is 129 a factor of 4377700?
False
Is 1124 a factor of 4033910?
False
Does 10 divide 1350430?
True
Does 1597 divide 28399157?
False
Is 2559158 a multiple of 53?
True
Is 164 a factor of 2126462?
False
Is 55 a factor of 152778?
False
Does 818 divide 19850499?
False
Does 12 divide 17613070?
False
Is 6005586 a multiple of 178?
False
Does 22 divide 17301436?
False
Is 315 a factor of 325395?
True
Does 179 divide 1791253?
True
Is 10 a factor of 2342507?
False
Is 423808 a multiple of 64?
True
Is 63 a factor of 1755202?
False
Does 96 divide 3983520?
True
Is 3 a factor of 963933?
True
Is 319302 a multiple of 6?
True
Is 875 a factor of 551250?
True
Is 427 a multiple of 7?
True
Is 46 a factor of 1815850?
True
Is 80 a factor of 242000?
True
Does 4 divide 143986?
False
Is 636075 a multiple of 126?
False
Is 19 a factor of 21014?
True
Does 310 divide 3751930?
True
Is 3 a factor of 32832?
True
Does 9 divide 2719017?
True
Does 50 divide 87215?
False
Is 165 a factor of 110880?
True
Is 33 a factor of 9483439?
False
Is 19347347 a multiple of 79?
False
Is 39 a factor of 3517435?
False
Does 18 divide 1019990?
False
Does 490 divide 263620?
True
Is 31 a factor of 669569?
True
Is 12 a factor of 368928?
True
Is 43 a factor of 43453?
False
Is 153 a factor of 85345?
False
Is 642708 a multiple of 100?
False
Is 554134 a multiple of 7?
True
Is 193899 a multiple of 7?
False
Is 749635 a multiple of 183?
False
Is 15 a factor of 891150?
True
Does 30 divide 150438?
False
Does 21 divide 178687?
False
Is 82 a factor of 7586171?
False
Does 36 divide 30376?
False
Does 5 divide 3584160?
True
Does 14 divide 144732?
True
Does 19 divide 425695?
True
Does 518 divide 16394?
False
Is 220 a factor of 64020?
True
Does 21 divide 4677084?
False
Is 5 a factor of 54720?
True
Is 4 a factor of 4912?
True
Does 67 divide 1288902?
False
Is 5506 a multiple of 87?
False
Is 23725254 a multiple of 226?
True
Is 679185 a multiple of 154?
False
Does 8 divide 31128?
True
Is 660 a factor of 1919280?
True
Is 11529950 a multiple of 890?
True
Is 147 a factor of 4420584?
True
Is 308944 a multiple of 31?
False
Is 355004 a multiple of 52?
True
Does 216 divide 5278392?
True
Does 25 divide 24050?
True
Is 1095 a factor of 6191542?
False
Does 9 divide 900801?
True
Does 16 divide 798640?
True
Does 29 divide 439756?
True
Does 447 divide 894?
True
Does 156 divide 44304?
True
Is 222 a factor of 6444?
False
Is 4 a factor of 2674108?
True
Is 1760166 a multiple of 595?
False
Does 259 divide 27972?
True
Is 5798 a multiple of 4?
False
Does 43 divide 3116167?
True
Is 49629 a multiple of 23?
False
Is 74 a factor of 293558?
True
Is 86 a factor of 2292361?
False
Does 14 divide 3591476?
True
Is 6 a factor of 6582078?
True
Is 187 a factor of 5167371?
True
Is 9 a factor of 60938?
False
Does 5 divide 1900755?
True
Is 28040 a multiple of 5?
True
Does 16 divide 247695?
False
Is 123198 a multiple of 49?
False
Is 2481 a factor of 22068495?
True
Is 1254732 a multiple of 156?
False
Is 205690 a multiple of 16?
False
Is 106 a factor of 201506?
True
Does 81 divide 54201?
False
Is 62423 a multiple of 19?
False
Is 871 a factor of 1631400?
False
Is 8310383 a multiple of 16?
False
Does 8 divide 265775?
False
Is 2460780 a multiple of 756?
True
Does 25 divide 98018?
False
Is 347334 a multiple of 183?
True
Is 273240 a multiple of 60?
True
Is 92833 a multiple of 193?
True
Is 223 a factor of 223446?
True
Does 190 divide 2021423?
False
Does 158 divide 61702?
False
Does 7 divide 17500?
True
Is 10 a factor of 3671673?
False
Is 89165 a multiple of 17?
True
Is 23 a factor of 15466350?
True
Is 504 a factor of 1092643?
False
Is 412 a factor of 1194800?
True
Is 277 a factor of 2961130?
True
Is 612 a factor of 124011?
False
Is 332 a factor of 8662574?
False
Is 1907202 a multiple of 213?
True
Is 16 a factor of 6191728?
True
Is 772965 a multiple of 6?
False
Is 35712 a multiple of 62?
True
Is 192 a factor of 7538112?
True
Does 139 divide 172720?
False
Is 194893 a multiple of 77?
False
Does 385 divide 411039?
False
Is 11 a factor of 403942?
True
Does 40 divide 1769?
False
Is 11609 a multiple of 19?
True
Does 39 divide 967626?
False
Is 21 a factor of 10698876?
False
Does 470 divide 996870?
True
Does 211 divide 2608593?
True
Does 44 divide 56056?
True
Does 5 divide 857040?
True
Does 23 divide 1831812?
True
Is 1754268 a multiple of 68?
False
Is 1889136 a multiple of 12?
True
Is 292 a factor of 86048?
False
Does 21 divide 332576?
False
Is 60762 a multiple of 26?
True
Is 169353 a multiple of 17?
False
Is 1046456 even?
True
Is 1171842 a multiple of 13?
False
Is 596693 a multiple of 30?
False
Does 23 divide 2876196?
True
Does 17 divide 3842?
True
Does 9 divide 1393530?
False
Does 718 divide 2174104?
True
Is 11408189 a multiple of 13?
True
Does 19 divide 749369?
False
Does 104 divide 194792?
True
Does 118 divide 197886?
True
Is 25 a factor of 1869705?
False
Is 21 a factor of 194838?
True
Does 15 divide 23056228?
False
Does 3 divide 163236?
True
Is 89999 a multiple of 91?
True
Is 524 a factor of 2293856?
False
Is 187615 a multiple of 182?
False
Is 1432788 a multiple of 444?
True
Is 8 a factor of 444536?
True
Does 12 divide 40464?
True
Is 17 a factor of 17227399?
False
Is 1476871 a multiple of 11?
True
Is 279 a factor of 77562?
True
Is 302358 a multiple of 55?
False
Is 153 a factor of 4958577?
True
Is 2828368 a multiple of 16?
True
Is 1093089 a multiple of 453?
True
Does 17 divide 3636946?
True
Is 25435660 a multiple of 2897?
True
Is 203490 a multiple of 266?
True
Does 17 divide 939045?
False
Is 387418 a multiple of 33?
False
Does 538 divide 702678?
False
Does 7 divide 126308?
True
Is 186 a factor of 164238?
True
Does 162 divide 3321486?
True
Does 554 divide 1552705?
False
Is 22 a factor of 2719944?
False
Is 709 a factor of 3992277?
False
Is 123 a factor of 714698?
False
Does 22 divide 513236?
False
Is 3717945 a multiple of 231?
True
Does 8 divide 154949?
False
Is 51 a factor of 5383025?
False
Is 26 a factor of 223626?
True
Does 78 divide 14440727?
False
Is 38 a factor of 357086?
True
Is 743380 a multiple of 62?
True
Is 12 a factor of 107508?
True
Does 58 divide 293979?
False
Is 174 a factor of 164082?
True
Is 2705725 a multiple of 18?
False
Is 365 a factor of 101213?
False
Is 5 a factor of 38836?
False
Does 323 divide 145996?
True
Is 175 a factor of 3559161?
False
Is 13 a factor of 26792?
False
Is 51 a factor of 256815?
False
Is 144372 a multiple of 454?
True
Does 7 divide 557298?
True
Is 82 a factor of 96339?
False
Is 42 a factor of 547806?
True
Is 137334 a multiple of 282?
True
Does 39 divide 4153090?
False
Does 50 divide 1331100?
True
Is 2170349 a multiple of 1540?
False
Is 19 a factor of 7115?
False
Does 10 divide 1088990?
True
Is 11250 a multiple of 45?
True
Is 70351 a multiple of 18?
False
Is 578631 a multiple of 16?
False
Does 8 divide 784392?
True
Is 804 a factor of 3908244?
True
Does 870 divide 8434650?
True
Is 164131 a multiple of 43?
True
Is 341222 a multiple of 86?
False
Is 7060 a multiple of 20?
True
Is 248819 a multiple of 2?
False
Is 19 a factor of 1592104?
False
Does 554 divide 2682468?
True
Is 26026 a multiple of 22?
True
Is 39700 a multiple of 78?
False
Does 216 divide 10150?
False
Is 980557 a multiple of 14?
False
Does 15 divide 125520?
